30. Calculate y(j).
-2
Let f(b) be the second derivative of -1/3*b**3 + b + 0 - 5/2*b**2. Suppose -81*g + 60*g - 134 + 8 = 0. Give f(g).
7
Let x(z) = 4*z + 16. Let f be ((-36)/27)/((-4)/(-6)). What is x(f)?
8
Suppose -5*g = -l + 7, -5*l + 12*g - 8*g + 14 = 0. Let y(k) = -k**3 + 24*k**l + 2*k + 3 - 29*k**2 + 2*k**2. Let m = -9 + 6. Calculate y(m).
-3
Let i = 4072 - 4062. Let q(n) = 3*n - 14. Determine q(i).
16
Let u be (-66)/(-7) - 30/70. Suppose -12 - 69 = -u*n. Let d(i) = i**2 - 7*i - 14. What is d(n)?
4
Let x(f) = -f**2 - 5*f - 7. Suppose 30 = 3*t - t - 4*m, 5*m - 8 = -t. Let z be 9/(-2) - (91/(-14))/t. Calculate x(z).
-3
Let z(r) = r**3 + 8*r**2 + 9*r + 17. Let f be (-6)/(96/(-244)) + (-5)/20. Suppose -f*m - m = 112. Give z(m).
3
Let m = 20 - 28. Let s(j) be the second derivative of j**3/3 + 11*j**2 - 1109*j. Let i be s(m). Let a(y) = -y**2 + 7*y - 5. Calculate a(i).
1
Suppose 0*d + d - 3*f + 10 = 0, 5*f - 45 = -4*d. Let c be 34/((4/d)/((-24)/(-20))). Let z be (2/6)/(-1) + (-34)/c. Let m(n) = 3*n. Determine m(z).
-3
Let t(w) = -w**2 + 13*w + 74. Let r(j) = j**2 + 74*j - 378. Let z be r(5). What is t(z)?
6
Let d(p) = -9*p**2 + 6*p - 5. Let x be (-2)/10 - (-708)/590. Give d(x).
-8
Let n(l) = 3*l + 10. Let v(j) = -2*j - 7. Suppose 33 = -6*k + 51. Let b(t) = t**3 - 3*t**2 + 3*t - 4. Let o be b(k). Let m(s) = o*n(s) + 8*v(s). What is m(-6)?
0
Let x(b) be the third derivative of -b**6/120 + 4*b**5/15 + 7*b**3/6 + 2*b**2 + 3*b + 77. What is x(16)?
7
Let h(a) be the first derivative of a**3/3 + 11*a**2/2 + 5*a + 1. Suppose -2*i - r = 23, -2*r + 589 = 5*i + 645. Determine h(i).
-5
Let x(y) = -y**3 + y**2 - y - 3. Let r(u) be the third derivative of -u**6/120 + u**5/20 - u**4/12 - 7*u**2 - 32. Let q = 7 + -5. Let v be r(q). Give x(v).
-3
Let y(v) = 46*v + 2 - 26*v + v**3 - 23*v. Give y(-3).
-16
Let x = 48 - 50. Let m be 110/(-6)*(x + -1). Suppose 5*p + 15 = m. Let z(b) = -b**3 + 7*b**2 + 6*b + 8. Give z(p).
-8
Let z(d) be the second derivative of -d**3 + d + 1/12*d**4 + 11 + 9/2*d**2. Give z(6).
9
Let s(o) = -11*o - 132. Let u be s(-12). Let a(m) = 19 - 2*m + u - 10. Determine a(-4).
17
Suppose 0 = 13*s - 18*s + 235. Suppose -s*c + 378 = 49. Let o(z) = z**2 - 8*z - 9. Calculate o(c).
-16
Let w(q) = q**2 + q + 3. Let n(g) = 13*g + 736. Let r be n(-57). Give w(r).
23
Let o(x) = -7*x - 103. Let w be o(-14). Let h(r) = 5*r**2 - 38*r + 27. Let j(l) = -3*l**2 + 25*l - 18. Let y(k) = w*h(k) - 8*j(k). What is y(-8)?
25
Let x(z) be the third derivative of 2/3*z**3 + 0 + 1/60*z**5 - 1/3*z**4 - 51*z**2 + 3*z. Calculate x(5).
-11
Let q(n) = n + 13. Let x(i) = 2*i**2 - 19*i + 13. Let o be x(9). Suppose -4*l + 2*r - 24 = o*r, -44 = 5*l - r. Calculate q(l).
5
Suppose 6 = -c + 5. Let s(i) = i**3 + 5*i**2 - 4*i - 9. Let n be s(-5). Let k(p) = -n*p**2 - 17 + 10 + 8. Determine k(c).
-10
Let r(h) = -23*h**2 + h. Let w = -119 - 40. Let l = -160 - w. What is r(l)?
-24
Let s(a) be the first derivative of -2*a**2 + 17*a - 618. Give s(3).
5
Suppose -20*g = -15*g. Let r(d) = -4*d - 30. Let m(u) = -2*u - 17. Let c(t) = -7*m(t) + 4*r(t). Give c(g).
-1
Suppose 3*f + 5*n + 44 = -0*n, -3*f - 32 = 2*n. Let o(d) = 22734*d**3 + 7*d**2 - 4*d - 11375*d**3 - 11358*d**3 + 10. What is o(f)?
-22
Suppose b = 3*b - l + 315, -15 = -5*l. Let s = -160 - b. Let u(p) be the second derivative of -p**5/20 - p**4/3 + 2*p**3/3 + 2*p**2 + p. Calculate u(s).
-12
Suppose 3*c = -q + 29, -2*c - 2*c + 4*q = -12. Suppose 3*m = 5 - c. Let s be 0 + (4 - 4) + m. Let y(z) = z**2 + 3*z + 1. Calculate y(s).
-1
Let c(l) = 7*l - 99. Let u be c(16). Let m(w) = 8*w**3 - 107*w**2 - 7*w + 97*w**2 + 3 - 5*w + u - 7*w**3. Calculate m(11).
5
Let r(v) = -v**2 + 17*v + 6. Suppose -834 - 1011 = -9*n. Let a = n - 188. What is r(a)?
6
Let w(z) = 3*z**2 - 2*z + 24. Let a(s) = 5*s**2 - 5*s + 22. Let o(x) = -2*a(x) + 3*w(x). Give o(9).
-17
Let t(h) = -24*h**2 - 39*h + 40. Let w = 9600 + -9599. Calculate t(w).
-23
Let w(t) = -6*t + 4900. Let l(m) = -6*m + 6533. Let n(c) = -3*l(c) + 4*w(c). Let v = 2 + 2. Determine n(v).
-23
Let x(p) = -26*p - 39. Let c be x(-4). Let l(v) = 2*v**2 + 1 + c*v - 33*v - 34*v. Let j(y) = -y**2 + 3*y + 11. Let f be j(5). Give l(f).
1
Let a(n) = 2*n**2 + 16*n + 38. Let q be a(-6). Let w(x) = x - 24. Give w(q).
-10
Let v = 1355 + -1360. Let s(p) = -p**3 - 7*p**2 - 11*p - 3. What is s(v)?
2
Let x = 149 - 129. Let o(s) = -s**2 + x - s + 6 - 18. Let f(y) = y**2 - 1. Let z be f(-1). Calculate o(z).
8
Suppose 3*u + 4*a + 28 = 0, -2*a = -u - 116 + 130. Let v(i) = -2*i - 2. What is v(u)?
-2
Let l(s) = -3*s**2 + 49*s - 38. Let c be l(15). Let r(y) = y**2 - 22*y - 3. Give r(c).
-3
Let i(y) be the third derivative of y**4/6 - 17*y**3/6 + 80*y**2 - 6*y. Give i(0).
-17
Let a be (-3)/9*(-6)/2. Let p(r) = -36*r**3 + 13*r + 11. Suppose -6*m + 8*m = -12. Let z(f) = -17*f**3 + 6*f + 5. Let c(x) = m*p(x) + 13*z(x). Calculate c(a).
-6
Let m(n) = n + 28. Suppose 256 = -10*l + 66. Let k be m(l). Let u(b) = b**2 - 13*b + 3. Calculate u(k).
-33
Let i(m) be the second derivative of -m**6/720 - m**5/120 + 17*m**4/6 + 26*m. Let d(p) be the third derivative of i(p). Let r = -26 - -31. Calculate d(r).
-6
Let d(z) = z**2 + 107*z + 2793. Let u be d(-45). Let l(g) = -2*g**3 + 4*g**2 - 19*g + 74. What is l(u)?
-1
Suppose -4*y + 169 = -3*d, -2*d + 0 - 6 = 0. Suppose -y*w + 18*w = -176. Let q(s) be the first derivative of -s**3/3 + 7*s**2/2 + 4*s - 1. What is q(w)?
-4
Let x(j) be the first derivative of -35*j**2/2 + 203*j - 4537. Calculate x(6).
-7
Let d be 115/120 - (95/6)/19. Let n(i) be the third derivative of d*i**4 - 2/3*i**3 + 13*i**2 + 0 + 0*i. Give n(3).
5
Let b(v) = -5*v + 4. Let g = 55 - 37. Suppose -5*x = 3*i - g, 5*x - 5*i = -6 + 16. Give b(x).
-11
Let d(c) = c**2 + 13*c + 5. Suppose 3*p + f - 37 = 0, f - 2 = -7. Let n be (-4)/p - (1 + 738/14). Let u = n + 42. Determine d(u).
-7
Let z(s) = s + 1. Let x(a) = -22*a**2 - 3*a - 2. Let g(v) = -x(v) - z(v). Let j be g(-1). Let l(n) = -7*n + j - 16 - 6. Determine l(1).
-8
Let j(k) = 10*k - 27. Let v be j(3). Suppose -s + 0 = v. Let a(w) = w**3 + 3*w**2 - 1. Calculate a(s).
-1
Let m(k) = -10*k - 68. Let b be m(-7). Let v(h) = 4 - h**b + 0 - 10 + 8*h + 6*h. Calculate v(12).
18
Let j be 0/((-320)/(-32)) + 0 + 0 + 7. Let w(z) = -5*z**2 + 4*z**2 + 9*z + 0*z**2 - 2*z + 2. Calculate w(j).
2
Suppose 4*l - 26 = 2*f, -36*l + 39*l = -4*f + 25. Let c(o) = 2*o - 4. Calculate c(l).
10
Let a(j) = 3 + 1 - 2 - 1. Let v(c) = 5*c - 4 + 15*c + 10 - 21*c. Let y(r) = 4*a(r) - v(r). Give y(3).
1
Let m(g) be the first derivative of -2/3*g**3 - g**2 + 1/4*g**4 + g - 147. What is m(3)?
4
Let p(h) = 36035*h**2 + 59 - h + 26*h - 36034*h**2. Give p(-23).
13
Let l(a) = -5*a + 6. Let i be l(4). Let m(v) = -12*v**2 - 45*v - 11. Let b(p) = 5*p**2 + 21*p + 8. Let u(o) = -5*b(o) - 2*m(o). What is u(i)?
-4
Let w(h) = -21*h - 1683. Let a be w(-81). Let r(z) = z**2 - 27*z + 160. Calculate r(a).
-2
Let u(s) = -s**3 - 17*s**2 + 19*s + 8. Suppose 5*z - 57 - 168 = 0. Let i = -63 + z. Let n be u(i). Let j(p) = -p - 7. Calculate j(n).
3
Let l(r) = r - 6. Suppose u - 4*z = 17 + 8, -40 = -5*u + 3*z. Suppose -2*b + 2*s = 3 + 3, s - u = 2*b. Let p be (-2)/7 + b/(-7). Calculate l(p).
-6
Let o = -4 + 2. Let g(m) be the second derivative of -m**3 - 3*m**2/2 + 54*m + 2. Let t(h) = -6*h - 5. Let s(z) = -3*g(z) + 2*t(z). What is s(o)?
-13
Let o(l) = -l**3 + 13*l**2 - 15*l + 29. Suppose -3*u = 3*i - 39, -2*i + 43 = 5*u - 22. Give o(u).
-166
Let h(s) be the first derivative of s**3/3 - 11*s**2/2 + 7*s - 4067. Suppose -w - 9 = -2*w. What is h(w)?
-11
Let n(b) = -b**3 + 8*b**2 + 21*b - 1. Let j be 13*(8 - (-9 - -15)). Suppose -2*d - 2*v = -0*d - j, -11 = -2*d + 3*v. Determine n(d).
9
Let q(v) = -v**2 - 2. Let p(j) = 16*j**2 + j + 40. Let y(a) = p(a) + 19*q(a). Suppose -2*t + 3 = t - m, -m = -t - 1. Calculate y(t).
-8
Let b(j) be the first derivative of -2*j**2 - 14*j - 866. Determine b(13).
-66
Let j(t) = t**2 + 3*t + 3. Suppose 14*r - 474 = -5836. Let s = 378 + r. What is j(s)?
13
Let f(i) = -i**2 - 101*i - 2420. Let v be f(-62). Let b(p) = 3*p**2 + 2*p + 4. Let w(k) = 3*k**2 + k + 4. Let x(u) = -4*b(u) + 3*w(u). What is x(v)?
-6
Suppose -15994*s + 16028*s = 510. Let w(d) = d**2 - 23*d + 98. Calculate w(s).
-22
Let r = 5344 - 5340. Let